multiple of 216?
False
Does 33 divide 170?
False
Is 6 a factor of 198?
True
Does 57 divide 24909?
True
Does 5 divide 29165?
True
Is 68 a factor of 4812?
False
Does 38 divide 2090?
True
Is 57 a factor of 798?
True
Is 6448 a multiple of 60?
False
Is 1242 a multiple of 46?
True
Does 39 divide 659?
False
Does 9 divide 270?
True
Is 164 a multiple of 11?
False
Is 12128 a multiple of 40?
False
Does 101 divide 28819?
False
Does 12 divide 1627?
False
Does 5 divide 9813?
False
Is 14 a factor of 1451?
False
Is 22211 a multiple of 167?
True
Is 4400 a multiple of 8?
True
Is 165 a factor of 9240?
True
Is 300 even?
True
Does 19 divide 551?
True
Is 327 a factor of 11823?
False
Is 3 a factor of 16019?
False
Is 1941 a multiple of 25?
False
Is 82755 a multiple of 15?
True
Is 3 a factor of 154?
False
Is 9 a factor of 261?
True
Is 19440 a multiple of 27?
True
Is 4 a factor of 5826?
False
Does 3 divide 175?
False
Is 25 a factor of 302?
False
Does 10 divide 18617?
False
Is 174 a multiple of 12?
False
Does 12 divide 7229?
False
Is 1588 a multiple of 32?
False
Does 87 divide 7452?
False
Is 10 a factor of 44800?
True
Does 8 divide 3495?
False
Does 227 divide 23154?
True
Is 22 a factor of 126?
False
Is 7616 a multiple of 28?
True
Is 433 a multiple of 7?
False
Does 32 divide 3982?
False
Is 14 a factor of 31220?
True
Does 26 divide 5356?
True
Is 107 a factor of 11948?
False
Is 27 a factor of 707?
False
Is 2 a factor of 4015?
False
Is 48090 a multiple of 6?
True
Is 98 a factor of 1372?
True
Does 17 divide 15317?
True
Does 57 divide 3320?
False
Does 65 divide 260?
True
Is 89 a factor of 5785?
True
Is 5210 a multiple of 17?
False
Does 38 divide 1546?
False
Is 7 a factor of 4522?
True
Does 7 divide 554?
False
Does 90 divide 4770?
True
Does 2 divide 7?
False
Does 4 divide 601?
False
Is 19 a factor of 10241?
True
Is 52 a factor of 5674?
False
Does 22 divide 32670?
True
Does 12 divide 27528?
True
Is 28 a factor of 3188?
False
Does 4 divide 8016?
True
Does 8 divide 672?
True
Does 28 divide 8792?
True
Is 32 a factor of 96?
True
Does 2 divide 31?
False
Is 726 a multiple of 66?
True
Is 1581 a multiple of 17?
True
Does 19 divide 996?
False
Is 11 a factor of 82?
False
Is 4 a factor of 196?
True
Is 94 a factor of 564?
True
Is 2109 a multiple of 19?
True
Is 21 a factor of 4704?
True
Does 20 divide 340?
True
Does 19 divide 2698?
True
Is 868 a multiple of 7?
True
Is 31 a factor of 13200?
False
Is 45 a factor of 8528?
False
Does 146 divide 61567?
False
Does 12 divide 507?
False
Is 76000 a multiple of 95?
True
Does 138 divide 419?
False
Is 2 a factor of 2900?
True
Does 17 divide 157?
False
Is 48 a multiple of 8?
True
Is 27 a factor of 1146?
False
Is 35 a factor of 10815?
True
Is 5 a factor of 33315?
True
Is 2916 a multiple of 12?
True
Does 28 divide 161?
False
Is 6840 a multiple of 90?
True
Is 38 a multiple of 38?
True
Is 2717 a multiple of 73?
False
Is 18 a factor of 3114?
True
Is 243 a multiple of 86?
False
Is 3864 a multiple of 56?
True
Is 877 a multiple of 22?
False
Is 39 a factor of 2301?
True
Is 24 a factor of 26112?
True
Is 91993 a multiple of 179?
False
Does 26 divide 208?
True
Is 4979 a multiple of 28?
False
Is 66 a factor of 2442?
True
Does 9 divide 134?
False
Is 9699 a multiple of 44?
False
Does 133 divide 69039?
False
Is 769 a multiple of 13?
False
Does 191 divide 36099?
True
Does 15 divide 43710?
True
Does 68 divide 1443?
False
Is 254 a multiple of 29?
False
Is 136 a factor of 24169?
False
Is 17229 a multiple of 12?
False
Is 26 a factor of 364?
True
Is 2369 a multiple of 103?
True
Does 78 divide 7020?
True
Is 96 a factor of 55089?
False
Is 5047 a multiple of 49?
True
Does 9 divide 18?
True
Does 11 divide 16005?
True
Is 85 a multiple of 3?
False
Is 53 a factor of 1113?
True
Is 31 a factor of 46593?
True
Is 317 a multiple of 37?
False
Is 3000 a multiple of 40?
True
Is 21260 a multiple of 4?
True
Is 8 a factor of 19864?
True
Is 10 a factor of 9850?
True
Is 5861 a multiple of 247?
False
Is 5 a factor of 1385?
True
Is 329 even?
False
Is 6 a factor of 1686?
True
Is 1023 a multiple of 93?
True
Does 10 divide 1194?
False
Does 8 divide 200?
True
Is 6 a factor of 2370?
True
Is 74 a factor of 4526?
False
Is 1260 a multiple of 12?
True
Does 44 divide 50?
False
Is 41 a factor of 1804?
True
Does 9 divide 17595?
True
Does 10 divide 360?
True
Is 8 a factor of 760?
True
Is 137 a factor of 1603?
False
Does 63 divide 31257?
False
Is 9065 a multiple of 10?
False
Does 11 divide 11660?
True
Is 337 a factor of 78858?
True
Is 92 a factor of 1380?
True
Does 17 divide 294?
False
Is 1315 a multiple of 12?
False
Is 15 a factor of 171?
False
Does 15 divide 2018?
False
Is 4654 a multiple of 14?
False
Is 7925 a multiple of 25?
True
Does 97 divide 1113?
False
Does 47 divide 282?
True
Does 11 divide 440?
True
Is 4820 a multiple of 103?
False
Does 8 divide 4072?
True
Does 12 divide 3196?
False
Does 47 divide 1337?
False
Is 2 a factor of 3501?
False
Is 13020 a multiple of 124?
True
Is 13 a factor of 2886?
True
Does 5 divide 824?
False
Is 39 a factor of 215?
False
Does 57 divide 57?
True
Is 7 a factor of 2616?
False
Does 5 divide 837?
False
Is 5 a factor of 375?
True
Is 1441 a multiple of 55?
False
Is 4 even?
True
Does 74 divide 9689?
False
Is 10 a factor of 3110?
True
Is 206 a multiple of 2?
True
Is 73 a factor of 1533?
True
Is 4 a factor of 27?
False
Is 11 a factor of 6374?
False
Does 10 divide 441?
False
Is 121 a factor of 6150?
False
Does 61 divide 2746?
False
Is 10 a factor of 320?
True
Is 467 a multiple of 18?
False
Does 10 divide 2944?
False
Is 15 a factor of 98010?
True
Is 17 a factor of 6798?
False
Does 3 divide 25?
False
Is 19 a factor of 247?
True
Is 7810 a multiple of 355?
True
Does 15 divide 12345?
True
Is 18 a factor of 3672?
True
Is 13 a factor of 15058?
False
Does 4 divide 524?
True
Does 64 divide 2432?
True
Is 40036 a multiple of 74?
False
Is 1104 a multiple of 8?
True
Is 5 a factor of 2980?
True
Does 48 divide 2736?
True
Is 17279 a multiple of 37?
True
Does 15 divide 285?
True
Is 3 a factor of 1326?
True
Is 1313 a multiple of 21?
False
Is 5390 a multiple of 55?
True
Is 17 a factor of 8177?
True
Does 15 divide 1185?
True
Is 11466 a multiple of 91?
True
Is 15976 a multiple of 8?
True
Does 4 divide 14?
False
Is 714 a multiple of 7?
True
Is 12 a factor of 746?
False
Is 11 a factor of 5300?
False
Is 27 a factor of 4781?
False
Is 288 a multiple of 12?
True
Is 18383 a multiple of 157?
False
Is 836 a multiple of 5?
False
Is 11 even?
False
Does 97 divide 6499?
True
Is 14 a factor of 61082?
True
Is 4 a factor of 676?
True
Is 169 a factor of 91200?
False
Is 132 a multiple of 27?
False
Is 24190 a multiple of 41?
True
Does 28 divide 743?
False
Is 1560 a multiple of 13?
True
Does 83 divide 1234?
False
Is 15 a factor of 690?
True
Is 13 a factor of 2275?
True
Does 95 divide 2375?
True
Does 14 divide 336?
True
Is 84 a factor of 18144?
True
Is 15 a factor of 1335?
True
Is 324 a multiple of 12?
True
Is 11451 a multiple of 11?
True
Is 51192 a multiple of 24?
True
Does 5 divide 3021?
False
Is 2 a factor of 2?
True
Is 5626 a multiple of 10?
False
Does 20 divide 260?
True
Is 20 a factor of 1455?
False
Does 74 divide 3330?
True
Is 16 a factor of 160?
True
Is 5248 a multiple of 39?
False
Does 13 divide 4225?
True
Is 26 a factor of 676?
True
Does 15 divide 730?
False
Does 43 divide 84153?
False
Is 30 a multiple of 2?
True
Is 24740 a multiple of 9?
False
Does 10 divide 680?
True
Is 3015 a multiple of 2?
False
Is 18 a factor of 1796?
False
Is 90 a multiple of 6?
True
Does 21 divide 567?
True
Does 53 divide 894?
False
Is 82 a factor of 10130?
False
Is 5141 a multiple of 125?
False
Does 13 divide 3215?
False
Does 16 divide 4816?
True
Is 15 a factor of 17100?
True
Does 55 divide 2033?
False
Is 34 a factor of 445?
False
Is 1250 a multiple of 26?
False
Is 4 a factor of 35987?
False
Is 11 a factor of 693?
True
Is 1460 a multiple of 10?
True
Does 12 divide 10200?
True
Is 91 a factor of 18109?
True
Does 25 divide 4540?
False
Is 405 a multiple of 9?
True
Is 30 a factor of 19738?
False
Is 49 a factor of 73189?
False
Is 21 a factor of 252?
True
Is 5 a factor of 1145?
True
Is 50 a factor of 28100?
True
Does 145 divide 17467?
False
Is 292 a factor of 87016?
True
Is 610 a multiple of 38?
False
Is 5 a factor of 2725?
True
Is 420 a m